{"id":2,"date":"2018-07-04T01:52:57","date_gmt":"2018-07-04T01:52:57","guid":{"rendered":"https:\/\/fernandosalvio.com.br\/ativista\/?page_id=2"},"modified":"2018-08-07T14:26:55","modified_gmt":"2018-08-07T14:26:55","slug":"inicial","status":"publish","type":"page","link":"https:\/\/fernandosalvio.com.br\/ativista\/","title":{"rendered":"In\u00edcio"},"content":{"rendered":"<p><img loading=\"lazy\" decoding=\"async\" class=\"wp-image-46 size-medium aligncenter\" src=\"https:\/\/fernandosalvio.com.br\/ativista\/wp-content\/uploads\/2018\/07\/foto_borboleta-300x300.jpg\" alt=\"\" width=\"300\" height=\"300\" srcset=\"https:\/\/fernandosalvio.com.br\/ativista\/wp-content\/uploads\/2018\/07\/foto_borboleta-300x300.jpg 300w, https:\/\/fernandosalvio.com.br\/ativista\/wp-content\/uploads\/2018\/07\/foto_borboleta-150x150.jpg 150w, https:\/\/fernandosalvio.com.br\/ativista\/wp-content\/uploads\/2018\/07\/foto_borboleta-768x768.jpg 768w, https:\/\/fernandosalvio.com.br\/ativista\/wp-content\/uploads\/2018\/07\/foto_borboleta-780x780.jpg 780w, https:\/\/fernandosalvio.com.br\/ativista\/wp-content\/uploads\/2018\/07\/foto_borboleta.jpg 959w\" sizes=\"auto, (max-width: 300px) 100vw, 300px\" \/><\/p>\n<p>Buscando um sentido para a epop\u00e9ia da vida, observando a natureza e me relacionando com os demais, comecei a ver que poderia ser \u00fatil, trazendo um pouco da minha experi\u00eancia em tentar viver da forma mais harmoniosa com o meio.<\/p>\n<p>&nbsp;<\/p>\n<p><strong><a href=\"https:\/\/fernandosalvio.com.br\/ativista\/blog\/\">\u00daltimas do Blog<\/a><br \/>\n<\/strong><br \/>\n[USM_form]<br \/>\n    <div data-options='{&quot;id&quot;:&quot;257&quot;,&quot;lazy_load&quot;:&quot;no&quot;,&quot;masonry_enable&quot;:&quot;yes&quot;,&quot;view_type&quot;:&quot;grid&quot;}' id=\"post-grid-257\" class=\"post-grid grid\">\n    \n\n\n    <div class=\"grid-items\">\n      <div class=\"item item-352 skin flat even 0 \">\n        <div class=\"layer-wrapper layout-\">\n        <div class=\"layer-media\"><a href=\"https:\/\/fernandosalvio.com.br\/ativista\/2018\/08\/21\/ecovilas-brasil-documentario\/\"><img decoding=\"async\" alt=\"\" src=\"https:\/\/fernandosalvio.com.br\/ativista\/wp-content\/uploads\/2018\/08\/ecovilas-300x155.png\" \/><\/a><\/div>\n  <div class=\"layer-content\">\n        <div class=\"element element_0  title \">\r\n                    <a target=\"\"\r\n                href=\"https:\/\/fernandosalvio.com.br\/ativista\/2018\/08\/21\/ecovilas-brasil-documentario\/\">Ecovilas Brasil - Document\u00e1rio<\/a>\r\n            <\/div>\r\n    <div class=\"element element_1  excerpt \">\r\n        https:\/\/www.youtube.com\/watch?v=5WdRf8jj4Ls https:\/\/www.youtube.com\/watch?v=5WdRf8jj4Ls            <\/div>\r\n            <a class=\"element element_2  read_more \"\r\n            target=\"_self\"\r\n            href=\"https:\/\/fernandosalvio.com.br\/ativista\/2018\/08\/21\/ecovilas-brasil-documentario\/\">Veja mais --&gt;<\/a>\r\n      <\/div>\n    <\/div>\n  <\/div><div class=\"item item-341 skin flat odd 1 \">\n        <div class=\"layer-wrapper layout-\">\n        <div class=\"layer-media\"><a href=\"https:\/\/fernandosalvio.com.br\/ativista\/2018\/08\/11\/cinepapo-a-historia-das-coisas\/\"><img decoding=\"async\" alt=\"\" src=\"https:\/\/fernandosalvio.com.br\/ativista\/wp-content\/uploads\/2018\/08\/IMG_20180811_170633_450-300x205.jpg\" \/><\/a><\/div>\n  <div class=\"layer-content\">\n        <div class=\"element element_0  title \">\r\n                    <a target=\"\"\r\n                href=\"https:\/\/fernandosalvio.com.br\/ativista\/2018\/08\/11\/cinepapo-a-historia-das-coisas\/\">Cinepapo - A hist\u00f3ria das coisas<\/a>\r\n            <\/div>\r\n    <div class=\"element element_1  excerpt \">\r\n        Neste s\u00e1bado fizemos o Cine Papo na 1\u00aa Mostra Livre Integrada Meio Ambiente no Instituto S\u00e3o Paulo Pela Democracia Com            <\/div>\r\n            <a class=\"element element_2  read_more \"\r\n            target=\"_self\"\r\n            href=\"https:\/\/fernandosalvio.com.br\/ativista\/2018\/08\/11\/cinepapo-a-historia-das-coisas\/\">Veja mais --&gt;<\/a>\r\n      <\/div>\n    <\/div>\n  <\/div><div class=\"item item-337 skin flat even 2 \">\n        <div class=\"layer-wrapper layout-\">\n        <div class=\"layer-media\"><a href=\"https:\/\/fernandosalvio.com.br\/ativista\/2018\/08\/08\/projeto-re-acao\/\"><img decoding=\"async\" alt=\"\" src=\"https:\/\/fernandosalvio.com.br\/ativista\/wp-content\/uploads\/2018\/08\/rea\u00e7\u00e3o-300x196.png\" \/><\/a><\/div>\n  <div class=\"layer-content\">\n        <div class=\"element element_0  title \">\r\n                    <a target=\"\"\r\n                href=\"https:\/\/fernandosalvio.com.br\/ativista\/2018\/08\/08\/projeto-re-acao\/\">Projeto Re-a\u00e7\u00e3o<\/a>\r\n            <\/div>\r\n    <div class=\"element element_1  excerpt \">\r\n        https:\/\/www.youtube.com\/watch?v=68ugeEgq3rQ https:\/\/www.youtube.com\/watch?v=68ugeEgq3rQ            <\/div>\r\n            <a class=\"element element_2  read_more \"\r\n            target=\"_self\"\r\n            href=\"https:\/\/fernandosalvio.com.br\/ativista\/2018\/08\/08\/projeto-re-acao\/\">Veja mais --&gt;<\/a>\r\n      <\/div>\n    <\/div>\n  <\/div><div class=\"item item-331 skin flat odd 3 \">\n        <div class=\"layer-wrapper layout-\">\n        <div class=\"layer-media\"><a href=\"https:\/\/fernandosalvio.com.br\/ativista\/2018\/08\/07\/agroflorestas-relatos-entre-serras-e-aguas\/\"><img decoding=\"async\" alt=\"\" src=\"https:\/\/fernandosalvio.com.br\/ativista\/wp-content\/uploads\/2018\/08\/agroflorestando-300x165.png\" \/><\/a><\/div>\n  <div class=\"layer-content\">\n        <div class=\"element element_0  title \">\r\n                    <a target=\"\"\r\n                href=\"https:\/\/fernandosalvio.com.br\/ativista\/2018\/08\/07\/agroflorestas-relatos-entre-serras-e-aguas\/\">Agroflorestas - Relatos entre Serras e \u00c1guas<\/a>\r\n            <\/div>\r\n    <div class=\"element element_1  excerpt \">\r\n        https:\/\/www.youtube.com\/watch?v=hckk1yZCJWI https:\/\/www.youtube.com\/watch?v=hckk1yZCJWI            <\/div>\r\n            <a class=\"element element_2  read_more \"\r\n            target=\"_self\"\r\n            href=\"https:\/\/fernandosalvio.com.br\/ativista\/2018\/08\/07\/agroflorestas-relatos-entre-serras-e-aguas\/\">Veja mais --&gt;<\/a>\r\n      <\/div>\n    <\/div>\n  <\/div><div class=\"item item-326 skin flat even 4 \">\n        <div class=\"layer-wrapper layout-\">\n        <div class=\"layer-media\"><a href=\"https:\/\/fernandosalvio.com.br\/ativista\/2018\/08\/07\/a-lei-da-agua-novo-codigo-florestal\/\"><img decoding=\"async\" alt=\"\" src=\"https:\/\/fernandosalvio.com.br\/ativista\/wp-content\/uploads\/2018\/08\/leidaagua-300x191.png\" \/><\/a><\/div>\n  <div class=\"layer-content\">\n        <div class=\"element element_0  title \">\r\n                    <a target=\"\"\r\n                href=\"https:\/\/fernandosalvio.com.br\/ativista\/2018\/08\/07\/a-lei-da-agua-novo-codigo-florestal\/\">A Lei da \u00c1gua (Novo C\u00f3digo Florestal)<\/a>\r\n            <\/div>\r\n    <div class=\"element element_1  excerpt \">\r\n        Trailer https:\/\/www.youtube.com\/watch?v=n3wZxYgRyWQ https:\/\/www.youtube.com\/watch?v=n3wZxYgRyWQ Filme completo https:\/\/www.youtube.com\/watch?v=jgq_SXU1qzc https:\/\/www.youtube.com\/watch?v=jgq_SXU1qzc            <\/div>\r\n            <a class=\"element element_2  read_more \"\r\n            target=\"_self\"\r\n            href=\"https:\/\/fernandosalvio.com.br\/ativista\/2018\/08\/07\/a-lei-da-agua-novo-codigo-florestal\/\">Veja mais --&gt;<\/a>\r\n      <\/div>\n    <\/div>\n  <\/div><div class=\"item item-323 skin flat odd 5 \">\n        <div class=\"layer-wrapper layout-\">\n        <div class=\"layer-media\"><a href=\"https:\/\/fernandosalvio.com.br\/ativista\/2018\/08\/07\/csa-comunidade-que-sustenta-a-agricultura\/\"><img decoding=\"async\" alt=\"\" src=\"https:\/\/fernandosalvio.com.br\/ativista\/wp-content\/uploads\/2018\/08\/csa-300x183.png\" \/><\/a><\/div>\n  <div class=\"layer-content\">\n        <div class=\"element element_0  title \">\r\n                    <a target=\"\"\r\n                href=\"https:\/\/fernandosalvio.com.br\/ativista\/2018\/08\/07\/csa-comunidade-que-sustenta-a-agricultura\/\">CSA - Comunidade que Sustenta a Agricultura<\/a>\r\n            <\/div>\r\n    <div class=\"element element_1  excerpt \">\r\n        https:\/\/www.youtube.com\/watch?v=dnj9VgdYQeY https:\/\/www.youtube.com\/watch?v=dnj9VgdYQeY            <\/div>\r\n            <a class=\"element element_2  read_more \"\r\n            target=\"_self\"\r\n            href=\"https:\/\/fernandosalvio.com.br\/ativista\/2018\/08\/07\/csa-comunidade-que-sustenta-a-agricultura\/\">Veja mais --&gt;<\/a>\r\n      <\/div>\n    <\/div>\n  <\/div><div class=\"item item-315 skin flat even 6 \">\n        <div class=\"layer-wrapper layout-\">\n        <div class=\"layer-media\"><a href=\"https:\/\/fernandosalvio.com.br\/ativista\/2018\/08\/06\/as-sementes-documentario-resgata-a-trajetoria-de-mulheres-agricultoras\/\"><img decoding=\"async\" alt=\"\" src=\"https:\/\/fernandosalvio.com.br\/ativista\/wp-content\/uploads\/2018\/08\/20180805_212922-300x169.png\" \/><\/a><\/div>\n  <div class=\"layer-content\">\n        <div class=\"element element_0  title \">\r\n                    <a target=\"\"\r\n                href=\"https:\/\/fernandosalvio.com.br\/ativista\/2018\/08\/06\/as-sementes-documentario-resgata-a-trajetoria-de-mulheres-agricultoras\/\">As Sementes - Document\u00e1rio resgata a trajet\u00f3ria de mulheres agricultoras<\/a>\r\n            <\/div>\r\n    <div class=\"element element_1  excerpt \">\r\n        https:\/\/youtube.com\/watch?v=CCZcOCcm-9Qhttps:\/\/youtube.com\/watch?v=CCZcOCcm-9Q            <\/div>\r\n            <a class=\"element element_2  read_more \"\r\n            target=\"_self\"\r\n            href=\"https:\/\/fernandosalvio.com.br\/ativista\/2018\/08\/06\/as-sementes-documentario-resgata-a-trajetoria-de-mulheres-agricultoras\/\">Veja mais --&gt;<\/a>\r\n      <\/div>\n    <\/div>\n  <\/div><div class=\"item item-317 skin flat odd 7 \">\n        <div class=\"layer-wrapper layout-\">\n        <div class=\"layer-media\"><a href=\"https:\/\/fernandosalvio.com.br\/ativista\/2018\/08\/04\/permacultura-um-novo-estilo-de-vida\/\"><img decoding=\"async\" alt=\"\" src=\"https:\/\/fernandosalvio.com.br\/ativista\/wp-content\/uploads\/2018\/08\/permacultura-doc-300x150.png\" \/><\/a><\/div>\n  <div class=\"layer-content\">\n        <div class=\"element element_0  title \">\r\n                    <a target=\"\"\r\n                href=\"https:\/\/fernandosalvio.com.br\/ativista\/2018\/08\/04\/permacultura-um-novo-estilo-de-vida\/\">Permacultura: Um novo estilo de vida<\/a>\r\n            <\/div>\r\n    <div class=\"element element_1  excerpt \">\r\n        Document\u00e1rio inspirador sobre Permacultura. https:\/\/www.youtube.com\/watch?v=N7Eqs6YWnxM https:\/\/www.youtube.com\/watch?v=N7Eqs6YWnxM Projeto acad\u00eamico dos alunos do 6\u00b0 semestre de jornalismo das Faculdades Integradas Rio Branco.            <\/div>\r\n            <a class=\"element element_2  read_more \"\r\n            target=\"_self\"\r\n            href=\"https:\/\/fernandosalvio.com.br\/ativista\/2018\/08\/04\/permacultura-um-novo-estilo-de-vida\/\">Veja mais --&gt;<\/a>\r\n      <\/div>\n    <\/div>\n  <\/div><div class=\"item item-312 skin flat even 8 \">\n        <div class=\"layer-wrapper layout-\">\n        <div class=\"layer-media\"><a href=\"https:\/\/fernandosalvio.com.br\/ativista\/2018\/08\/04\/a-nossa-necessidade-de-um-senso-de-unidade-alan-watts-terence-mckenna\/\"><img decoding=\"async\" alt=\"\" src=\"https:\/\/fernandosalvio.com.br\/ativista\/wp-content\/uploads\/2018\/08\/alan-watt-300x130.png\" \/><\/a><\/div>\n  <div class=\"layer-content\">\n        <div class=\"element element_0  title \">\r\n                    <a target=\"\"\r\n                href=\"https:\/\/fernandosalvio.com.br\/ativista\/2018\/08\/04\/a-nossa-necessidade-de-um-senso-de-unidade-alan-watts-terence-mckenna\/\">A nossa necessidade de um senso de unidade (Alan Watts &amp; Terence McKenna)<\/a>\r\n            <\/div>\r\n    <div class=\"element element_1  excerpt \">\r\n        https:\/\/www.youtube.com\/watch?v=6t236tnztgE https:\/\/www.youtube.com\/watch?v=6t236tnztgE            <\/div>\r\n            <a class=\"element element_2  read_more \"\r\n            target=\"_self\"\r\n            href=\"https:\/\/fernandosalvio.com.br\/ativista\/2018\/08\/04\/a-nossa-necessidade-de-um-senso-de-unidade-alan-watts-terence-mckenna\/\">Veja mais --&gt;<\/a>\r\n      <\/div>\n    <\/div>\n  <\/div><div class=\"item item-306 skin flat odd 9 \">\n        <div class=\"layer-wrapper layout-\">\n        <div class=\"layer-media\"><a href=\"https:\/\/fernandosalvio.com.br\/ativista\/2018\/08\/02\/agroflorestar-implementacao-mecanizada-de-canteiro-agroflorestal\/\"><img decoding=\"async\" alt=\"\" src=\"https:\/\/fernandosalvio.com.br\/ativista\/wp-content\/uploads\/2018\/08\/agroflorestar-300x154.png\" \/><\/a><\/div>\n  <div class=\"layer-content\">\n        <div class=\"element element_0  title \">\r\n                    <a target=\"\"\r\n                href=\"https:\/\/fernandosalvio.com.br\/ativista\/2018\/08\/02\/agroflorestar-implementacao-mecanizada-de-canteiro-agroflorestal\/\">Agroflorestar, Implementa\u00e7\u00e3o Mecanizada de canteiro Agroflorestal<\/a>\r\n            <\/div>\r\n    <div class=\"element element_1  excerpt \">\r\n        https:\/\/www.youtube.com\/watch?v=Zj3vdTFxqsw https:\/\/www.youtube.com\/watch?v=Zj3vdTFxqsw            <\/div>\r\n            <a class=\"element element_2  read_more \"\r\n            target=\"_self\"\r\n            href=\"https:\/\/fernandosalvio.com.br\/ativista\/2018\/08\/02\/agroflorestar-implementacao-mecanizada-de-canteiro-agroflorestal\/\">Veja mais --&gt;<\/a>\r\n      <\/div>\n    <\/div>\n  <\/div>    <\/div>\n    <div class=\"pagination\">\n      <div class=\"paginate\">\n    <span aria-label=\"P\u00e1gina 1\" aria-current=\"page\" class=\"page-numbers current\">1<\/span>\n<a aria-label=\"P\u00e1gina 2\" class=\"page-numbers\" href=\"https:\/\/fernandosalvio.com.br\/ativista\/wp-json\/wp\/v2\/pages\/2\/page\/2\/\">2<\/a>\n<a class=\"next page-numbers\" href=\"https:\/\/fernandosalvio.com.br\/ativista\/wp-json\/wp\/v2\/pages\/2\/page\/2\/\">Next \u00bb<\/a>  <\/div>\n  <style type=\"text\/css\">\n    #post-grid-257 .pagination .page-numbers {\n      font-size: 17px;\n      color: #646464;\n      background: #646464;\n    }\n\n    #post-grid-257 .pagination .page-numbers:hover,\n    #post-grid-257 .pagination .page-numbers.current {\n      background: #4b4b4b;\n    }\n  <\/style>\n  <\/div>\n      <style type=\"text\/css\">\n      \/*Write your CSS code here*\/    <\/style>\n      <script>\n          \/*Write your js code here*\/          <\/script>\n    <style type=\"text\/css\">\n    #post-grid-257 .element_0 {\n      display: block;font-size: 21px;line-height: normal;padding: 5px 10px;text-align: left;    }\n\n    #post-grid-257 .element_1 {\n      display: block;font-size: 12px;padding: 5px 10px;text-align: left;    }\n\n    #post-grid-257 .element_2 {\n      font-size:12px;display:block;padding:10px;text-align: left;font-weight: bold;    }\n\n    #post-grid-257 .element_0:hover{}#post-grid-257 .element_1:hover{}#post-grid-257 .element_2:hover{}  <\/style>\n  <style type=\"text\/css\">\n    #post-grid-257 {\n      padding: 10px;\n      background-color: #fff;\n          }\n\n    #post-grid-257 .item {\n      background: #fff;\n          }\n\n    #post-grid-257 .item .layer-media {\n      height:auto;    }\n\n    @media only screen and (min-width: 0px) and (max-width: 767px) {\n      #post-grid-257 .grid-items {\n        text-align: center;\n              }\n\n      #post-grid-257 .item {\n        width: 90%;\n        margin: 10px;\n        display: inline-block;\n        vertical-align: top;\n        height:auto;      }\n    }\n\n    @media only screen and (min-width: 768px) and (max-width: 1023px) {\n      #post-grid-257 .grid-items {\n        text-align: center;\n              }\n\n      #post-grid-257 .item {\n        width: 280px;\n        margin: 10px;\n        display: inline-block;\n        vertical-align: top;\n        max-height:auto;      }\n    }\n\n    @media only screen and (min-width: 1024px) {\n      #post-grid-257 .grid-items {\n        text-align: center;\n              }\n\n      #post-grid-257 .item {\n        width: 280px;\n        display: inline-block;\n        margin: 10px;\n        vertical-align: top;\n        height:auto;      }\n    }\n\n      <\/style>\n  <\/div>\n<\/p>\n","protected":false},"excerpt":{"rendered":"<p>Buscando um sentido para a epop\u00e9ia da vida, observando a natureza e me relacionando com os demais, comecei a ver que poderia ser \u00fatil, trazendo um pouco da minha experi\u00eancia em tentar viver da forma mais harmoniosa com o meio. &nbsp; \u00daltimas do Blog [USM_form]<\/p>\n","protected":false},"author":1,"featured_media":0,"parent":0,"menu_order":0,"comment_status":"closed","ping_status":"open","template":"","meta":{"_exactmetrics_skip_tracking":false,"_exactmetrics_sitenote_active":false,"_exactmetrics_sitenote_note":"","_exactmetrics_sitenote_category":0,"ngg_post_thumbnail":0,"footnotes":""},"class_list":["post-2","page","type-page","status-publish","hentry"],"_links":{"self":[{"href":"https:\/\/fernandosalvio.com.br\/ativista\/wp-json\/wp\/v2\/pages\/2","targetHints":{"allow":["GET"]}}],"collection":[{"href":"https:\/\/fernandosalvio.com.br\/ativista\/wp-json\/wp\/v2\/pages"}],"about":[{"href":"https:\/\/fernandosalvio.com.br\/ativista\/wp-json\/wp\/v2\/types\/page"}],"author":[{"embeddable":true,"href":"https:\/\/fernandosalvio.com.br\/ativista\/wp-json\/wp\/v2\/users\/1"}],"replies":[{"embeddable":true,"href":"https:\/\/fernandosalvio.com.br\/ativista\/wp-json\/wp\/v2\/comments?post=2"}],"version-history":[{"count":22,"href":"https:\/\/fernandosalvio.com.br\/ativista\/wp-json\/wp\/v2\/pages\/2\/revisions"}],"predecessor-version":[{"id":330,"href":"https:\/\/fernandosalvio.com.br\/ativista\/wp-json\/wp\/v2\/pages\/2\/revisions\/330"}],"wp:attachment":[{"href":"https:\/\/fernandosalvio.com.br\/ativista\/wp-json\/wp\/v2\/media?parent=2"}],"curies":[{"name":"wp","href":"https:\/\/api.w.org\/{rel}","templated":true}]}}