{"id":53,"date":"2018-07-04T03:00:26","date_gmt":"2018-07-04T03:00:26","guid":{"rendered":"https:\/\/fernandosalvio.com.br\/ativista\/?page_id=53"},"modified":"2025-06-02T20:42:05","modified_gmt":"2025-06-02T20:42:05","slug":"portfolio","status":"publish","type":"page","link":"https:\/\/fernandosalvio.com.br\/ativista\/portfolio\/","title":{"rendered":"Portf\u00f3lio"},"content":{"rendered":"<p>Um pouco da minha experi\u00eancia.<\/p>\n<p><a href=\"https:\/\/fernandosalvio.com.br\/ativista\/wp-content\/uploads\/2018\/10\/Certificado_MSolares_Fernando-1.pdf\">Certificado Multiplicadores Solares Fernando Salvio<\/a><\/p>\n<p><a href=\"https:\/\/fernandosalvio.com.br\/ativista\/wp-content\/uploads\/2018\/07\/Fotos-Portif\u00f3lio.pdf\">Fotos &#8211; Portif\u00f3lio<\/a><\/p>\n<p><a href=\"http:\/\/www.reciclazaro.org.br\/alunos-da-puc-visitam-o-cefopea\/\" target=\"_blank\" rel=\"noopener noreferrer\">Alunos da PUC visitam o CEFOPEA na Recicl\u00e1zaro<\/a><\/p>\n<p><a href=\"https:\/\/fernandosalvio.com.br\/ativista\/wp-content\/uploads\/2018\/07\/Amarati-vence-concurso-e-ganha-placas-solares-do-Greenpeace.pdf\">Amarati vence concurso e ganha placas solares do Greenpeace<\/a><\/p>\n<p><a href=\"https:\/\/fernandosalvio.com.br\/ativista\/wp-content\/uploads\/2018\/08\/SAF_Certificado.pdf\">Certificado &#8211; Curso Agrofloresta &#8211; Fernando Salvio<\/a><\/p>\n<p><a href=\"https:\/\/fernandosalvio.com.br\/ativista\/wp-content\/uploads\/2018\/09\/Educa\u00e7\u00e3o_Ambiental_e_Mudan\u00e7as_do_Clima_para_Gestores___Turma_7-Certificado_17443.pdf\">Educa\u00e7\u00e3o Ambiental e Mudan\u00e7as do Clima para Gestores &#8211; Turma &#8211; 7<\/a><\/p>\n<p><a href=\"https:\/\/fernandosalvio.com.br\/ativista\/wp-content\/uploads\/2018\/10\/Estilos_de_vida_sustent\u00e1veis___Turma_6-Certificado_18384_FernandoSalvio.pdf\">Curso Estilos de vida sustent\u00e1veis &#8211; Turma 6<\/a><\/p>\n<p>Diploma de Bacharel em Ci\u00eancia da Computa\u00e7\u00e3o &#8211; Universidade S\u00e3o Judas<\/p>\n<p><img loading=\"lazy\" decoding=\"async\" class=\"alignnone wp-image-420 size-full\" src=\"https:\/\/fernandosalvio.com.br\/ativista\/wp-content\/uploads\/2025\/06\/ciencia-da-computacao.png\" alt=\"\" width=\"793\" height=\"531\" srcset=\"https:\/\/fernandosalvio.com.br\/ativista\/wp-content\/uploads\/2025\/06\/ciencia-da-computacao.png 793w, https:\/\/fernandosalvio.com.br\/ativista\/wp-content\/uploads\/2025\/06\/ciencia-da-computacao-300x201.png 300w, https:\/\/fernandosalvio.com.br\/ativista\/wp-content\/uploads\/2025\/06\/ciencia-da-computacao-768x514.png 768w, https:\/\/fernandosalvio.com.br\/ativista\/wp-content\/uploads\/2025\/06\/ciencia-da-computacao-350x234.png 350w\" sizes=\"auto, (max-width: 767px) 89vw, (max-width: 1000px) 54vw, (max-width: 1071px) 543px, 580px\" \/><\/p>\n<p>Homenagem concedida pela Vereadora Edir Sales e o C\u00edrculo da Vila Prudente<\/p>\n<p><img loading=\"lazy\" decoding=\"async\" class=\"alignnone size-full wp-image-55\" src=\"https:\/\/fernandosalvio.com.br\/ativista\/wp-content\/uploads\/2018\/07\/edir-circulo.png\" alt=\"\" width=\"790\" height=\"560\" srcset=\"https:\/\/fernandosalvio.com.br\/ativista\/wp-content\/uploads\/2018\/07\/edir-circulo.png 790w, https:\/\/fernandosalvio.com.br\/ativista\/wp-content\/uploads\/2018\/07\/edir-circulo-300x213.png 300w, https:\/\/fernandosalvio.com.br\/ativista\/wp-content\/uploads\/2018\/07\/edir-circulo-768x544.png 768w, https:\/\/fernandosalvio.com.br\/ativista\/wp-content\/uploads\/2018\/07\/edir-circulo-780x553.png 780w\" sizes=\"auto, (max-width: 767px) 89vw, (max-width: 1000px) 54vw, (max-width: 1071px) 543px, 580px\" \/><\/p>\n<p>Treinamento de Projetos e Instala\u00e7\u00e3o de Sistemas Fotovoltaicos<\/p>\n<p><img loading=\"lazy\" decoding=\"async\" class=\"alignnone size-full wp-image-127\" src=\"https:\/\/fernandosalvio.com.br\/ativista\/wp-content\/uploads\/2018\/07\/solar-certificado.png\" alt=\"\" width=\"797\" height=\"540\" srcset=\"https:\/\/fernandosalvio.com.br\/ativista\/wp-content\/uploads\/2018\/07\/solar-certificado.png 797w, https:\/\/fernandosalvio.com.br\/ativista\/wp-content\/uploads\/2018\/07\/solar-certificado-300x203.png 300w, https:\/\/fernandosalvio.com.br\/ativista\/wp-content\/uploads\/2018\/07\/solar-certificado-768x520.png 768w\" sizes=\"auto, (max-width: 767px) 89vw, (max-width: 1000px) 54vw, (max-width: 1071px) 543px, 580px\" \/><\/p>\n<p>Certificado da oficina Provedores Comunit\u00e1rios na Assembl\u00e9ia Legislativa<\/p>\n<p><img loading=\"lazy\" decoding=\"async\" class=\"alignnone size-full wp-image-60\" src=\"https:\/\/fernandosalvio.com.br\/ativista\/wp-content\/uploads\/2018\/07\/assembleia-redes.png\" alt=\"\" width=\"790\" height=\"532\" srcset=\"https:\/\/fernandosalvio.com.br\/ativista\/wp-content\/uploads\/2018\/07\/assembleia-redes.png 790w, https:\/\/fernandosalvio.com.br\/ativista\/wp-content\/uploads\/2018\/07\/assembleia-redes-300x202.png 300w, https:\/\/fernandosalvio.com.br\/ativista\/wp-content\/uploads\/2018\/07\/assembleia-redes-768x517.png 768w, https:\/\/fernandosalvio.com.br\/ativista\/wp-content\/uploads\/2018\/07\/assembleia-redes-780x525.png 780w\" sizes=\"auto, (max-width: 767px) 89vw, (max-width: 1000px) 54vw, (max-width: 1071px) 543px, 580px\" \/><\/p>\n<p>Certificado da oficina Provedores Comunit\u00e1rios &#8211; Dados Abertos &#8211; Prefeitura de S\u00e3o Paulo<\/p>\n<p><img loading=\"lazy\" decoding=\"async\" class=\"alignnone size-full wp-image-59\" src=\"https:\/\/fernandosalvio.com.br\/ativista\/wp-content\/uploads\/2018\/07\/certificado.png\" alt=\"\" width=\"970\" height=\"673\" srcset=\"https:\/\/fernandosalvio.com.br\/ativista\/wp-content\/uploads\/2018\/07\/certificado.png 970w, https:\/\/fernandosalvio.com.br\/ativista\/wp-content\/uploads\/2018\/07\/certificado-300x208.png 300w, https:\/\/fernandosalvio.com.br\/ativista\/wp-content\/uploads\/2018\/07\/certificado-768x533.png 768w, https:\/\/fernandosalvio.com.br\/ativista\/wp-content\/uploads\/2018\/07\/certificado-780x541.png 780w\" sizes=\"auto, (max-width: 767px) 89vw, (max-width: 1000px) 54vw, (max-width: 1071px) 543px, 580px\" \/><\/p>\n<p>Qual o Plano. GeoSampa &#8211; Dados Abertos &#8211; Prefeitura de S\u00e3o Paulo<\/p>\n<p><img loading=\"lazy\" decoding=\"async\" class=\"alignnone size-full wp-image-58\" src=\"https:\/\/fernandosalvio.com.br\/ativista\/wp-content\/uploads\/2018\/07\/certificado2.png\" alt=\"\" width=\"961\" height=\"673\" srcset=\"https:\/\/fernandosalvio.com.br\/ativista\/wp-content\/uploads\/2018\/07\/certificado2.png 961w, https:\/\/fernandosalvio.com.br\/ativista\/wp-content\/uploads\/2018\/07\/certificado2-300x210.png 300w, https:\/\/fernandosalvio.com.br\/ativista\/wp-content\/uploads\/2018\/07\/certificado2-768x538.png 768w, https:\/\/fernandosalvio.com.br\/ativista\/wp-content\/uploads\/2018\/07\/certificado2-780x546.png 780w\" sizes=\"auto, (max-width: 767px) 89vw, (max-width: 1000px) 54vw, (max-width: 1071px) 543px, 580px\" \/><\/p>\n<p>A\u00e7\u00f5es Integradas 2016 &#8211; Subprefeitura de Vila Prudente<\/p>\n<p><img loading=\"lazy\" decoding=\"async\" class=\"alignnone size-full wp-image-54\" src=\"https:\/\/fernandosalvio.com.br\/ativista\/wp-content\/uploads\/2018\/07\/subprefeitura.png\" alt=\"\" width=\"789\" height=\"543\" srcset=\"https:\/\/fernandosalvio.com.br\/ativista\/wp-content\/uploads\/2018\/07\/subprefeitura.png 789w, https:\/\/fernandosalvio.com.br\/ativista\/wp-content\/uploads\/2018\/07\/subprefeitura-300x206.png 300w, https:\/\/fernandosalvio.com.br\/ativista\/wp-content\/uploads\/2018\/07\/subprefeitura-768x529.png 768w, https:\/\/fernandosalvio.com.br\/ativista\/wp-content\/uploads\/2018\/07\/subprefeitura-780x537.png 780w\" sizes=\"auto, (max-width: 767px) 89vw, (max-width: 1000px) 54vw, (max-width: 1071px) 543px, 580px\" \/><\/p>\n<p>Dados Abertos &#8211; Inova\u00e7\u00e3o atrav\u00e9s de Dados Abertos &#8211; Prefeitura de S\u00e3o Paulo<\/p>\n<p><img loading=\"lazy\" decoding=\"async\" class=\"alignnone size-full wp-image-57\" src=\"https:\/\/fernandosalvio.com.br\/ativista\/wp-content\/uploads\/2018\/07\/certificado3.png\" alt=\"\" width=\"704\" height=\"500\" srcset=\"https:\/\/fernandosalvio.com.br\/ativista\/wp-content\/uploads\/2018\/07\/certificado3.png 704w, https:\/\/fernandosalvio.com.br\/ativista\/wp-content\/uploads\/2018\/07\/certificado3-300x213.png 300w\" sizes=\"auto, (max-width: 704px) 100vw, 704px\" \/><\/p>\n<p>Col\u00e9gio Agostiniano S\u00e3o Jos\u00e9 &#8211; Carta de agradecimento pela Palestra sobre Energia Solar &#8211; Greenpeace<\/p>\n<p><img loading=\"lazy\" decoding=\"async\" class=\"alignnone size-full wp-image-61\" src=\"https:\/\/fernandosalvio.com.br\/ativista\/wp-content\/uploads\/2018\/07\/agostiniano-solar.png\" alt=\"\" width=\"403\" height=\"541\" srcset=\"https:\/\/fernandosalvio.com.br\/ativista\/wp-content\/uploads\/2018\/07\/agostiniano-solar.png 403w, https:\/\/fernandosalvio.com.br\/ativista\/wp-content\/uploads\/2018\/07\/agostiniano-solar-223x300.png 223w\" sizes=\"auto, (max-width: 403px) 100vw, 403px\" \/><\/p>\n<p>NR35 &#8211; Trabalho em altura<\/p>\n<p><img loading=\"lazy\" decoding=\"async\" class=\"alignnone size-large wp-image-63\" src=\"https:\/\/fernandosalvio.com.br\/ativista\/wp-content\/uploads\/2018\/07\/nr35.png\" alt=\"\" width=\"803\" height=\"559\" srcset=\"https:\/\/fernandosalvio.com.br\/ativista\/wp-content\/uploads\/2018\/07\/nr35.png 803w, https:\/\/fernandosalvio.com.br\/ativista\/wp-content\/uploads\/2018\/07\/nr35-300x209.png 300w, https:\/\/fernandosalvio.com.br\/ativista\/wp-content\/uploads\/2018\/07\/nr35-768x535.png 768w, https:\/\/fernandosalvio.com.br\/ativista\/wp-content\/uploads\/2018\/07\/nr35-780x543.png 780w\" sizes=\"auto, (max-width: 767px) 89vw, (max-width: 1000px) 54vw, (max-width: 1071px) 543px, 580px\" \/><\/p>\n<p>Equilibrium &#8211; Alian\u00e7a Luz &#8211; Introdu\u00e7\u00e3o \u00e0 Aquaponia<\/p>\n<p><img loading=\"lazy\" decoding=\"async\" class=\"alignnone size-large wp-image-64\" src=\"https:\/\/fernandosalvio.com.br\/ativista\/wp-content\/uploads\/2018\/07\/aquaponia.png\" alt=\"\" width=\"810\" height=\"566\" srcset=\"https:\/\/fernandosalvio.com.br\/ativista\/wp-content\/uploads\/2018\/07\/aquaponia.png 810w, https:\/\/fernandosalvio.com.br\/ativista\/wp-content\/uploads\/2018\/07\/aquaponia-300x210.png 300w, https:\/\/fernandosalvio.com.br\/ativista\/wp-content\/uploads\/2018\/07\/aquaponia-768x537.png 768w, https:\/\/fernandosalvio.com.br\/ativista\/wp-content\/uploads\/2018\/07\/aquaponia-780x545.png 780w\" sizes=\"auto, (max-width: 767px) 89vw, (max-width: 1000px) 54vw, (max-width: 1071px) 543px, 580px\" \/><\/p>\n<p>Or\u00e7amento P\u00fablico e Pol\u00edticas Sociais &#8211; Escola Superior do Minist\u00e9rio P\u00fablico<\/p>\n<p><img loading=\"lazy\" decoding=\"async\" class=\"alignnone wp-image-421 size-full\" src=\"https:\/\/fernandosalvio.com.br\/ativista\/wp-content\/uploads\/2025\/06\/orcamento.png\" alt=\"\" width=\"793\" height=\"559\" srcset=\"https:\/\/fernandosalvio.com.br\/ativista\/wp-content\/uploads\/2025\/06\/orcamento.png 793w, https:\/\/fernandosalvio.com.br\/ativista\/wp-content\/uploads\/2025\/06\/orcamento-300x211.png 300w, https:\/\/fernandosalvio.com.br\/ativista\/wp-content\/uploads\/2025\/06\/orcamento-768x541.png 768w, https:\/\/fernandosalvio.com.br\/ativista\/wp-content\/uploads\/2025\/06\/orcamento-350x247.png 350w\" sizes=\"auto, (max-width: 767px) 89vw, (max-width: 1000px) 54vw, (max-width: 1071px) 543px, 580px\" \/><\/p>\n<p>Artigo na Folha &#8211; Fernando Salvio &#8211; <a href=\"http:\/\/www.folhavp.com.br\/index.php?option=com_content&amp;view=article&amp;id=1520:o-homem-e-a-resistencia-verde&amp;catid=94:artigos&amp;Itemid=163\" target=\"_blank\" rel=\"noopener noreferrer\">O homem e a resist\u00eancia verde<\/a><\/p>\n<p><img loading=\"lazy\" decoding=\"async\" class=\"size-large wp-image-122\" src=\"https:\/\/fernandosalvio.com.br\/ativista\/wp-content\/uploads\/2018\/07\/Folha-VP-Artigo-Fernando-Salvio-593x1024.jpg\" alt=\"\" width=\"525\" height=\"907\" srcset=\"https:\/\/fernandosalvio.com.br\/ativista\/wp-content\/uploads\/2018\/07\/Folha-VP-Artigo-Fernando-Salvio-593x1024.jpg 593w, https:\/\/fernandosalvio.com.br\/ativista\/wp-content\/uploads\/2018\/07\/Folha-VP-Artigo-Fernando-Salvio-174x300.jpg 174w, https:\/\/fernandosalvio.com.br\/ativista\/wp-content\/uploads\/2018\/07\/Folha-VP-Artigo-Fernando-Salvio.jpg 651w\" sizes=\"auto, (max-width: 525px) 100vw, 525px\" \/><\/p>\n<p>Habilidades Gerenciais para L\u00edderes de Governo Aberto<\/p>\n<p><img loading=\"lazy\" decoding=\"async\" class=\"alignnone wp-image-213 size-full\" src=\"https:\/\/fernandosalvio.com.br\/ativista\/wp-content\/uploads\/2018\/07\/2018071111195110001276406505.jpg\" width=\"2245\" height=\"1517\" srcset=\"https:\/\/fernandosalvio.com.br\/ativista\/wp-content\/uploads\/2018\/07\/2018071111195110001276406505.jpg 2245w, https:\/\/fernandosalvio.com.br\/ativista\/wp-content\/uploads\/2018\/07\/2018071111195110001276406505-300x203.jpg 300w, https:\/\/fernandosalvio.com.br\/ativista\/wp-content\/uploads\/2018\/07\/2018071111195110001276406505-768x519.jpg 768w, https:\/\/fernandosalvio.com.br\/ativista\/wp-content\/uploads\/2018\/07\/2018071111195110001276406505-1024x692.jpg 1024w\" sizes=\"auto, (max-width: 767px) 89vw, (max-width: 1000px) 54vw, (max-width: 1071px) 543px, 580px\" \/><\/p>\n<p>Qual o plano para a cidade? Leituras urbanas a partir do geosampa<\/p>\n<blockquote><p><img decoding=\"async\" class=\"alignnone size-full wp-image-218\" src=\"https:\/\/fernandosalvio.com.br\/ativista\/wp-content\/uploads\/2018\/07\/201807111118471000259841173-1.jpg\"><\/p>\n<p>Curso de bioconstru\u00e7\u00e3o arquitetura e arte&nbsp;<\/p>\n<p><img loading=\"lazy\" decoding=\"async\" class=\"alignnone wp-image-422 size-full\" src=\"https:\/\/fernandosalvio.com.br\/ativista\/wp-content\/uploads\/2025\/06\/bioconstrucao-arquitetura-e-arte.png\" alt=\"\" width=\"800\" height=\"571\" srcset=\"https:\/\/fernandosalvio.com.br\/ativista\/wp-content\/uploads\/2025\/06\/bioconstrucao-arquitetura-e-arte.png 800w, https:\/\/fernandosalvio.com.br\/ativista\/wp-content\/uploads\/2025\/06\/bioconstrucao-arquitetura-e-arte-300x214.png 300w, https:\/\/fernandosalvio.com.br\/ativista\/wp-content\/uploads\/2025\/06\/bioconstrucao-arquitetura-e-arte-768x548.png 768w, https:\/\/fernandosalvio.com.br\/ativista\/wp-content\/uploads\/2025\/06\/bioconstrucao-arquitetura-e-arte-350x250.png 350w\" sizes=\"auto, (max-width: 767px) 89vw, (max-width: 1000px) 54vw, (max-width: 1071px) 543px, 580px\" \/><\/p>\n<p><a href=\"https:\/\/fernandosalvio.com.br\/ativista\/wp-content\/uploads\/2018\/08\/SAF_Certificado.pdf\">Certificado &#8211; Curso Agrofloresta &#8211; Fernando Salvio<\/a><\/p>\n<p><img loading=\"lazy\" decoding=\"async\" class=\"alignnone size-full wp-image-335\" src=\"https:\/\/fernandosalvio.com.br\/ativista\/wp-content\/uploads\/2018\/08\/certificado_agrofloresta_fernandosalvio.png\" alt=\"\" width=\"793\" height=\"563\" srcset=\"https:\/\/fernandosalvio.com.br\/ativista\/wp-content\/uploads\/2018\/08\/certificado_agrofloresta_fernandosalvio.png 793w, https:\/\/fernandosalvio.com.br\/ativista\/wp-content\/uploads\/2018\/08\/certificado_agrofloresta_fernandosalvio-300x213.png 300w, https:\/\/fernandosalvio.com.br\/ativista\/wp-content\/uploads\/2018\/08\/certificado_agrofloresta_fernandosalvio-768x545.png 768w\" sizes=\"auto, (max-width: 767px) 89vw, (max-width: 1000px) 54vw, (max-width: 1071px) 543px, 580px\" \/><\/p>\n<p>Cine Papo na 1\u00aa Mostra Livre Integrada Meio Ambiente<\/p>\n<p><img loading=\"lazy\" decoding=\"async\" class=\"alignnone size-full wp-image-347\" src=\"https:\/\/fernandosalvio.com.br\/ativista\/wp-content\/uploads\/2018\/08\/mostraintegradacertificado.png\" alt=\"\" width=\"788\" height=\"558\" srcset=\"https:\/\/fernandosalvio.com.br\/ativista\/wp-content\/uploads\/2018\/08\/mostraintegradacertificado.png 788w, https:\/\/fernandosalvio.com.br\/ativista\/wp-content\/uploads\/2018\/08\/mostraintegradacertificado-300x212.png 300w, https:\/\/fernandosalvio.com.br\/ativista\/wp-content\/uploads\/2018\/08\/mostraintegradacertificado-768x544.png 768w\" sizes=\"auto, (max-width: 767px) 89vw, (max-width: 1000px) 54vw, (max-width: 1071px) 543px, 580px\" \/><\/p>\n<p><img loading=\"lazy\" decoding=\"async\" class=\"alignnone size-full wp-image-370\" src=\"https:\/\/fernandosalvio.com.br\/ativista\/wp-content\/uploads\/2018\/09\/Certificado-EducacaoAmbiental-FernandoSalvio.png\" alt=\"\" width=\"784\" height=\"556\" srcset=\"https:\/\/fernandosalvio.com.br\/ativista\/wp-content\/uploads\/2018\/09\/Certificado-EducacaoAmbiental-FernandoSalvio.png 784w, https:\/\/fernandosalvio.com.br\/ativista\/wp-content\/uploads\/2018\/09\/Certificado-EducacaoAmbiental-FernandoSalvio-300x213.png 300w, https:\/\/fernandosalvio.com.br\/ativista\/wp-content\/uploads\/2018\/09\/Certificado-EducacaoAmbiental-FernandoSalvio-768x545.png 768w, https:\/\/fernandosalvio.com.br\/ativista\/wp-content\/uploads\/2018\/09\/Certificado-EducacaoAmbiental-FernandoSalvio-350x248.png 350w\" sizes=\"auto, (max-width: 767px) 89vw, (max-width: 1000px) 54vw, (max-width: 1071px) 543px, 580px\" \/><\/p>\n<p><img loading=\"lazy\" decoding=\"async\" class=\"alignnone size-full wp-image-377\" src=\"https:\/\/fernandosalvio.com.br\/ativista\/wp-content\/uploads\/2018\/10\/certificado-estilo-de-vida-sustentavel.png\" alt=\"\" width=\"703\" height=\"498\" srcset=\"https:\/\/fernandosalvio.com.br\/ativista\/wp-content\/uploads\/2018\/10\/certificado-estilo-de-vida-sustentavel.png 703w, https:\/\/fernandosalvio.com.br\/ativista\/wp-content\/uploads\/2018\/10\/certificado-estilo-de-vida-sustentavel-300x213.png 300w, https:\/\/fernandosalvio.com.br\/ativista\/wp-content\/uploads\/2018\/10\/certificado-estilo-de-vida-sustentavel-350x248.png 350w\" sizes=\"auto, (max-width: 703px) 100vw, 703px\" \/><\/p><\/blockquote>\n","protected":false},"excerpt":{"rendered":"<p>Um pouco da minha experi\u00eancia. Certificado Multiplicadores Solares Fernando Salvio Fotos &#8211; Portif\u00f3lio Alunos da PUC visitam o CEFOPEA na Recicl\u00e1zaro Amarati vence concurso e ganha placas solares do Greenpeace Certificado &#8211; Curso Agrofloresta &#8211; Fernando Salvio Educa\u00e7\u00e3o Ambiental e Mudan\u00e7as do Clima para Gestores &#8211; Turma &#8211; 7 Curso Estilos de vida sustent\u00e1veis &#8211; &hellip; <\/p>\n<p class=\"link-more\"><a href=\"https:\/\/fernandosalvio.com.br\/ativista\/portfolio\/\" class=\"more-link\">Continuar a ler <span class=\"screen-reader-text\">&#8220;Portf\u00f3lio&#8221;<\/span><\/a><\/p>\n","protected":false},"author":1,"featured_media":0,"parent":0,"menu_order":0,"comment_status":"closed","ping_status":"closed","template":"","meta":{"_exactmetrics_skip_tracking":false,"_exactmetrics_sitenote_active":false,"_exactmetrics_sitenote_note":"","_exactmetrics_sitenote_category":0,"ngg_post_thumbnail":0,"footnotes":""},"class_list":["post-53","page","type-page","status-publish","hentry"],"_links":{"self":[{"href":"https:\/\/fernandosalvio.com.br\/ativista\/wp-json\/wp\/v2\/pages\/53","targetHints":{"allow":["GET"]}}],"collection":[{"href":"https:\/\/fernandosalvio.com.br\/ativista\/wp-json\/wp\/v2\/pages"}],"about":[{"href":"https:\/\/fernandosalvio.com.br\/ativista\/wp-json\/wp\/v2\/types\/page"}],"author":[{"embeddable":true,"href":"https:\/\/fernandosalvio.com.br\/ativista\/wp-json\/wp\/v2\/users\/1"}],"replies":[{"embeddable":true,"href":"https:\/\/fernandosalvio.com.br\/ativista\/wp-json\/wp\/v2\/comments?post=53"}],"version-history":[{"count":21,"href":"https:\/\/fernandosalvio.com.br\/ativista\/wp-json\/wp\/v2\/pages\/53\/revisions"}],"predecessor-version":[{"id":423,"href":"https:\/\/fernandosalvio.com.br\/ativista\/wp-json\/wp\/v2\/pages\/53\/revisions\/423"}],"wp:attachment":[{"href":"https:\/\/fernandosalvio.com.br\/ativista\/wp-json\/wp\/v2\/media?parent=53"}],"curies":[{"name":"wp","href":"https:\/\/api.w.org\/{rel}","templated":true}]}}