{"id":176,"date":"2019-09-03T15:15:32","date_gmt":"2019-09-03T15:15:32","guid":{"rendered":"https:\/\/fernandosalvio.com.br\/yoga\/?page_id=176"},"modified":"2023-06-15T15:43:57","modified_gmt":"2023-06-15T15:43:57","slug":"espaco-gita-yoga","status":"publish","type":"page","link":"https:\/\/fernandosalvio.com.br\/yoga\/espaco-gita-yoga\/","title":{"rendered":"Espa\u00e7o Git\u00e1 Yoga"},"content":{"rendered":"\n<h2 class=\"wp-block-heading\">Espa\u00e7o Git\u00e1 Yoga<\/h2>\n\n\n\n<p>Criamos um espa\u00e7o acolhedor para pr\u00e1ticas de yoga.<\/p>\n\n\n\n<p>Marque um hor\u00e1rio pelo telefone <a href=\"https:\/\/api.whatsapp.com\/send?phone=5511973356480&amp;text=Contato%20site%20Yoga\">11 97335-6480<\/a> (<a rel=\"noreferrer noopener\" aria-label=\"clique (abre numa nova aba)\" href=\"https:\/\/api.whatsapp.com\/send?phone=5511973356480&amp;text=Contato%20site%20Yoga\" target=\"_blank\">clique<\/a> p\/ WhatsApp) e venha fazer uma aula experimental.<br><\/p>\n\n\n\n<div class=\"alignnormal\"><div id=\"metaslider-id-186\" style=\"width: 100%;\" class=\"ml-slider-3-106-0 metaslider metaslider-flex metaslider-186 ml-slider ms-theme-default nav-hidden\" role=\"region\" aria-label=\"Espa\u00e7o Git\u00e1\" data-height=\"500\" data-width=\"900\">\n    <div id=\"metaslider_container_186\">\n        <div id=\"metaslider_186\">\n            <ul class='slides'>\n                <li style=\"display: block; width: 100%;\" class=\"slide-191 ms-image \" aria-roledescription=\"slide\" data-date=\"2019-09-03 15:43:27\" data-filename=\"espaco-gita-yoga_2-900x500.jpg\" data-slide-type=\"image\"><img fetchpriority=\"high\" decoding=\"async\" src=\"https:\/\/fernandosalvio.com.br\/yoga\/wp-content\/uploads\/2019\/09\/espaco-gita-yoga_2-900x500.jpg\" height=\"500\" width=\"900\" alt=\"\" class=\"slider-186 slide-191 msDefaultImage\" title=\"espaco-gita-yoga_2\" \/><\/li>\n                <li style=\"display: none; width: 100%;\" class=\"slide-197 ms-image \" aria-roledescription=\"slide\" data-date=\"2019-09-05 14:56:18\" data-filename=\"espaco_gita_4-900x500.jpg\" data-slide-type=\"image\"><img decoding=\"async\" src=\"https:\/\/fernandosalvio.com.br\/yoga\/wp-content\/uploads\/2019\/09\/espaco_gita_4-900x500.jpg\" height=\"500\" width=\"900\" alt=\"\" class=\"slider-186 slide-197 msDefaultImage\" title=\"espaco_gita_4\" \/><\/li>\n                <li style=\"display: none; width: 100%;\" class=\"slide-198 ms-image \" aria-roledescription=\"slide\" data-date=\"2019-09-05 14:56:23\" data-filename=\"espaco_gita_3-900x500.jpg\" data-slide-type=\"image\"><img decoding=\"async\" src=\"https:\/\/fernandosalvio.com.br\/yoga\/wp-content\/uploads\/2019\/09\/espaco_gita_3-900x500.jpg\" height=\"500\" width=\"900\" alt=\"\" class=\"slider-186 slide-198 msDefaultImage\" title=\"espaco_gita_3\" \/><\/li>\n                <li style=\"display: none; width: 100%;\" class=\"slide-456 ms-image \" aria-roledescription=\"slide\" data-date=\"2023-06-05 17:23:36\" data-filename=\"espaco_gita_sala-900x500.jpg\" data-slide-type=\"image\"><img loading=\"lazy\" decoding=\"async\" src=\"https:\/\/fernandosalvio.com.br\/yoga\/wp-content\/uploads\/2023\/06\/espaco_gita_sala-900x500.jpg\" height=\"500\" width=\"900\" alt=\"\" class=\"slider-186 slide-456 msDefaultImage\" title=\"espaco_gita_sala\" \/><\/li>\n            <\/ul>\n        <\/div>\n        \n    <\/div>\n<\/div><\/div>\n\n\n\n<p><br>Rua Nhengaibas, 665<br>Vila Prudente<\/p>\n\n\n\n<p>Estamos a 300 metros da esta\u00e7\u00e3o Orat\u00f3rio do Metr\u00f4 Linha 15 &#8211; Prata. <br>(integra\u00e7\u00e3o gratuita na Linha 2 &#8211; Verde na Esta\u00e7\u00e3o Vila Prudente)<\/p>\n\n\n\n<iframe src=\"https:\/\/www.google.com\/maps\/embed?pb=!1m18!1m12!1m3!1d3656.68653308916!2d-46.5654348858079!3d-23.579699184673707!2m3!1f0!2f0!3f0!3m2!1i1024!2i768!4f13.1!3m3!1m2!1s0x94ce5d6f685dff21%3A0x46d8b900d802722e!2zRXNwYcOnbyBHaXTDoSBZb2dh!5e0!3m2!1spt-BR!2sbr!4v1567523352383!5m2!1spt-BR!2sbr\" width=\"600\" height=\"450\" frameborder=\"0\" style=\"border:0;\" allowfullscreen=\"\"><\/iframe>\n\n\n\n<p><\/p>\n\n\n\n<p>Visita 3D a sala de pr\u00e1ticas<\/p>\n\n\n\n<figure><iframe src=\"https:\/\/www.google.com\/maps\/embed?pb=!4v1594667605824!6m8!1m7!1sCAoSLEFGMVFpcE1JNVM2WFpkNkkzZU9TendXRTRuNDExZWFzTTFVSldMZFROQ0dm!2m2!1d-23.5796021!2d-46.56314829999999!3f260!4f0!5f0.7820865974627469\" width=\"600\" height=\"450\" allowfullscreen=\"\"><\/iframe><\/figure>\n\n\n\n<figure class=\"wp-block-image size-large is-resized\"><img loading=\"lazy\" decoding=\"async\" src=\"https:\/\/fernandosalvio.com.br\/yoga\/wp-content\/uploads\/2023\/06\/EspacoGitaLogo_fundoBranco-1024x1024.png\" alt=\"\" class=\"wp-image-466\" width=\"666\" height=\"666\" srcset=\"https:\/\/fernandosalvio.com.br\/yoga\/wp-content\/uploads\/2023\/06\/EspacoGitaLogo_fundoBranco-1024x1024.png 1024w, https:\/\/fernandosalvio.com.br\/yoga\/wp-content\/uploads\/2023\/06\/EspacoGitaLogo_fundoBranco-300x300.png 300w, https:\/\/fernandosalvio.com.br\/yoga\/wp-content\/uploads\/2023\/06\/EspacoGitaLogo_fundoBranco-150x150.png 150w, https:\/\/fernandosalvio.com.br\/yoga\/wp-content\/uploads\/2023\/06\/EspacoGitaLogo_fundoBranco-768x768.png 768w, https:\/\/fernandosalvio.com.br\/yoga\/wp-content\/uploads\/2023\/06\/EspacoGitaLogo_fundoBranco.png 1080w\" sizes=\"(max-width: 666px) 100vw, 666px\" \/><\/figure>\n","protected":false},"excerpt":{"rendered":"<p>Espa\u00e7o Git\u00e1 Yoga Criamos um espa\u00e7o acolhedor para pr\u00e1ticas de yoga. Marque um hor\u00e1rio pelo telefone 11 97335-6480 (clique p\/ WhatsApp) e venha fazer uma aula experimental. Rua Nhengaibas, 665Vila Prudente Estamos a 300 metros da esta\u00e7\u00e3o Orat\u00f3rio do Metr\u00f4 Linha 15 &#8211; Prata. (integra\u00e7\u00e3o gratuita na Linha 2 &#8211; Verde na Esta\u00e7\u00e3o Vila Prudente) [&hellip;]<\/p>\n","protected":false},"author":1,"featured_media":0,"parent":0,"menu_order":0,"comment_status":"closed","ping_status":"closed","template":"","meta":{"_exactmetrics_skip_tracking":false,"_exactmetrics_sitenote_active":false,"_exactmetrics_sitenote_note":"","_exactmetrics_sitenote_category":0,"footnotes":""},"class_list":["post-176","page","type-page","status-publish","hentry"],"_links":{"self":[{"href":"https:\/\/fernandosalvio.com.br\/yoga\/wp-json\/wp\/v2\/pages\/176","targetHints":{"allow":["GET"]}}],"collection":[{"href":"https:\/\/fernandosalvio.com.br\/yoga\/wp-json\/wp\/v2\/pages"}],"about":[{"href":"https:\/\/fernandosalvio.com.br\/yoga\/wp-json\/wp\/v2\/types\/page"}],"author":[{"embeddable":true,"href":"https:\/\/fernandosalvio.com.br\/yoga\/wp-json\/wp\/v2\/users\/1"}],"replies":[{"embeddable":true,"href":"https:\/\/fernandosalvio.com.br\/yoga\/wp-json\/wp\/v2\/comments?post=176"}],"version-history":[{"count":7,"href":"https:\/\/fernandosalvio.com.br\/yoga\/wp-json\/wp\/v2\/pages\/176\/revisions"}],"predecessor-version":[{"id":468,"href":"https:\/\/fernandosalvio.com.br\/yoga\/wp-json\/wp\/v2\/pages\/176\/revisions\/468"}],"wp:attachment":[{"href":"https:\/\/fernandosalvio.com.br\/yoga\/wp-json\/wp\/v2\/media?parent=176"}],"curies":[{"name":"wp","href":"https:\/\/api.w.org\/{rel}","templated":true}]}}

Espaço Gitá Yoga

<h2 class="wp-block-heading">Espaço Gitá Yoga</h2>



<p>Criamos um espaço acolhedor para práticas de yoga.</p>



<p>Marque um horário pelo telefone <a href="https://api.whatsapp.com/send?phone=5511973356480&amp;text=Contato%20site%20Yoga">11 97335-6480</a> (<a rel="noreferrer noopener" aria-label="clique (abre numa nova aba)" href="https://api.whatsapp.com/send?phone=5511973356480&amp;text=Contato%20site%20Yoga" target="_blank">clique</a> p/ WhatsApp) e venha fazer uma aula experimental.<br></p>



<div class="alignnormal"><div id="metaslider-id-186" style="width: 100%;" class="ml-slider-3-106-0 metaslider metaslider-flex metaslider-186 ml-slider ms-theme-default nav-hidden" role="region" aria-label="Espaço Gitá" data-height="500" data-width="900">
    <div id="metaslider_container_186">
        <div id="metaslider_186">
            <ul class='slides'>
                <li style="display: block; width: 100%;" class="slide-191 ms-image " aria-roledescription="slide" data-date="2019-09-03 15:43:27" data-filename="espaco-gita-yoga_2-900x500.jpg" data-slide-type="image"><img fetchpriority="high" decoding="async" src="https://fernandosalvio.com.br/yoga/wp-content/uploads/2019/09/espaco-gita-yoga_2-900x500.jpg" height="500" width="900" alt="" class="slider-186 slide-191 msDefaultImage" title="espaco-gita-yoga_2" /></li>
                <li style="display: none; width: 100%;" class="slide-197 ms-image " aria-roledescription="slide" data-date="2019-09-05 14:56:18" data-filename="espaco_gita_4-900x500.jpg" data-slide-type="image"><img decoding="async" src="https://fernandosalvio.com.br/yoga/wp-content/uploads/2019/09/espaco_gita_4-900x500.jpg" height="500" width="900" alt="" class="slider-186 slide-197 msDefaultImage" title="espaco_gita_4" /></li>
                <li style="display: none; width: 100%;" class="slide-198 ms-image " aria-roledescription="slide" data-date="2019-09-05 14:56:23" data-filename="espaco_gita_3-900x500.jpg" data-slide-type="image"><img decoding="async" src="https://fernandosalvio.com.br/yoga/wp-content/uploads/2019/09/espaco_gita_3-900x500.jpg" height="500" width="900" alt="" class="slider-186 slide-198 msDefaultImage" title="espaco_gita_3" /></li>
                <li style="display: none; width: 100%;" class="slide-456 ms-image " aria-roledescription="slide" data-date="2023-06-05 17:23:36" data-filename="espaco_gita_sala-900x500.jpg" data-slide-type="image"><img loading="lazy" decoding="async" src="https://fernandosalvio.com.br/yoga/wp-content/uploads/2023/06/espaco_gita_sala-900x500.jpg" height="500" width="900" alt="" class="slider-186 slide-456 msDefaultImage" title="espaco_gita_sala" /></li>
            </ul>
        </div>
        
    </div>
</div></div>



<p><br>Rua Nhengaibas, 665<br>Vila Prudente</p>



<p>Estamos a 300 metros da estação Oratório do Metrô Linha 15 &#8211; Prata. <br>(integração gratuita na Linha 2 &#8211; Verde na Estação Vila Prudente)</p>



<iframe src="https://www.google.com/maps/embed?pb=!1m18!1m12!1m3!1d3656.68653308916!2d-46.5654348858079!3d-23.579699184673707!2m3!1f0!2f0!3f0!3m2!1i1024!2i768!4f13.1!3m3!1m2!1s0x94ce5d6f685dff21%3A0x46d8b900d802722e!2zRXNwYcOnbyBHaXTDoSBZb2dh!5e0!3m2!1spt-BR!2sbr!4v1567523352383!5m2!1spt-BR!2sbr" width="600" height="450" frameborder="0" style="border:0;" allowfullscreen=""></iframe>



<p></p>



<p>Visita 3D a sala de práticas</p>



<figure><iframe src="https://www.google.com/maps/embed?pb=!4v1594667605824!6m8!1m7!1sCAoSLEFGMVFpcE1JNVM2WFpkNkkzZU9TendXRTRuNDExZWFzTTFVSldMZFROQ0dm!2m2!1d-23.5796021!2d-46.56314829999999!3f260!4f0!5f0.7820865974627469" width="600" height="450" allowfullscreen=""></iframe></figure>



<figure class="wp-block-image size-large is-resized"><img loading="lazy" decoding="async" src="https://fernandosalvio.com.br/yoga/wp-content/uploads/2023/06/EspacoGitaLogo_fundoBranco-1024x1024.png" alt="" class="wp-image-466" width="666" height="666" srcset="https://fernandosalvio.com.br/yoga/wp-content/uploads/2023/06/EspacoGitaLogo_fundoBranco-1024x1024.png 1024w, https://fernandosalvio.com.br/yoga/wp-content/uploads/2023/06/EspacoGitaLogo_fundoBranco-300x300.png 300w, https://fernandosalvio.com.br/yoga/wp-content/uploads/2023/06/EspacoGitaLogo_fundoBranco-150x150.png 150w, https://fernandosalvio.com.br/yoga/wp-content/uploads/2023/06/EspacoGitaLogo_fundoBranco-768x768.png 768w, https://fernandosalvio.com.br/yoga/wp-content/uploads/2023/06/EspacoGitaLogo_fundoBranco.png 1080w" sizes="(max-width: 666px) 100vw, 666px" /></figure>

<p>Espaço Gitá Yoga Criamos um espaço acolhedor para práticas de yoga. Marque um horário pelo telefone 11 97335-6480 (clique p/ WhatsApp) e venha fazer uma aula experimental. Rua Nhengaibas, 665Vila Prudente Estamos a 300 metros da estação Oratório do Metrô Linha 15 &#8211; Prata. (integração gratuita na Linha 2 &#8211; Verde na Estação Vila Prudente) [&hellip;]</p>
