{"id":317,"date":"2020-07-13T16:49:45","date_gmt":"2020-07-13T16:49:45","guid":{"rendered":"https:\/\/fernandosalvio.com.br\/yoga\/?page_id=317"},"modified":"2023-01-04T17:08:49","modified_gmt":"2023-01-04T17:08:49","slug":"o-yoga-e-a-medicina-integrativa","status":"publish","type":"page","link":"https:\/\/fernandosalvio.com.br\/yoga\/o-yoga-e-a-medicina-integrativa\/","title":{"rendered":"O Yoga e a medicina integrativa"},"content":{"rendered":"\n<h2 class=\"wp-block-heading\">O Yoga e a medicina integrativa<\/h2>\n\n\n<div class=\"wp-block-image\">\n<figure class=\"aligncenter size-large\"><img fetchpriority=\"high\" decoding=\"async\" width=\"1024\" height=\"683\" src=\"https:\/\/fernandosalvio.com.br\/yoga\/wp-content\/uploads\/2020\/07\/sunsets-1187510-1920x1280-1-1024x683.jpg\" alt=\"\" class=\"wp-image-322\" srcset=\"https:\/\/fernandosalvio.com.br\/yoga\/wp-content\/uploads\/2020\/07\/sunsets-1187510-1920x1280-1-1024x683.jpg 1024w, https:\/\/fernandosalvio.com.br\/yoga\/wp-content\/uploads\/2020\/07\/sunsets-1187510-1920x1280-1-300x200.jpg 300w, https:\/\/fernandosalvio.com.br\/yoga\/wp-content\/uploads\/2020\/07\/sunsets-1187510-1920x1280-1-768x512.jpg 768w, https:\/\/fernandosalvio.com.br\/yoga\/wp-content\/uploads\/2020\/07\/sunsets-1187510-1920x1280-1-1536x1024.jpg 1536w, https:\/\/fernandosalvio.com.br\/yoga\/wp-content\/uploads\/2020\/07\/sunsets-1187510-1920x1280-1.jpg 1920w\" sizes=\"(max-width: 1024px) 100vw, 1024px\" \/><figcaption class=\"wp-element-caption\">Foto de Alex Strenzke do <a href=\"https:\/\/freeimages.com\/\">FreeImages<\/a><\/figcaption><\/figure>\n<\/div>\n\n\n<p>Esse texto \u00e9 baseado nesse estudo:<\/p>\n\n\n\n<blockquote class=\"wp-block-quote is-layout-flow wp-block-quote-is-layout-flow\">\n<p>A ESPIRITUALIDADE E A MEDICINA INTEGRATIVA NO CONTEXTO DA SA\u00daDE INTEGRAL DO SER HUMANO<br>de Fl\u00e1vio da Silva Chaves e Francisco de Assis Souza dos Santos<\/p>\n<\/blockquote>\n\n\n\n<p>Link para o texto completo <a href=\"https:\/\/fernandosalvio.com.br\/yoga\/wp-content\/uploads\/2020\/07\/A_espiritualidade_e_a_medicina_integrativa_no_cont.pdf\" target=\"_blank\" rel=\"noreferrer noopener\">aqui<\/a>.<\/p>\n\n\n\n<h2 class=\"wp-block-heading\">Uma perspectiva hist\u00f3rica<\/h2>\n\n\n\n<p>Na cultura da medicina chinesa, tibetana e ayurv\u00e9dica, a manuten\u00e7\u00e3o da sa\u00fade e o aparecimento da doen\u00e7a dependem da intera\u00e7\u00e3o mente, corpo e esp\u00edrito. Hip\u00f3crates, no s\u00e9culo IV a.C., j\u00e1 possu\u00eda uma vis\u00e3o complexa do ser humano, postulando \u201cque a doen\u00e7a era influenciada pelo ambiente, pelo clima, pela dieta e pelo modo de viver\u201d, hip\u00f3tese que foi descartada no s\u00e9culo XVII.<\/p>\n\n\n\n<p>Na ocasi\u00e3o, o desenvolvimento da compreens\u00e3o dual\u00edstica corpo e mente foi investigado por inst\u00e2ncias diferentes: mente e alma pela filosofia e a  religi\u00e3o; o corpo pela medicina.<\/p>\n\n\n\n<p>N\u00e3o se acreditava que a mente e a alma interferiam nos processos f\u00edsicos. No s\u00e9culo XIX, esse conceito \u00e9 questionado pela psicologia e pela psiquiatria. Tal questionamento se d\u00e1 a partir do conceito de \u201cpsicog\u00eanese, em que fatores psicol\u00f3gicos afetam o corpo\u201d e da \u201cmedicina psicossom\u00e1tica estruturada no s\u00e9culo XX\u201d, em que \u201cfatores sociais e psicol\u00f3gicos foram considerados importantes na etiologia e na manuten\u00e7\u00e3o de in\u00fameras doen\u00e7as\u201d.<\/p>\n\n\n\n<h2 class=\"wp-block-heading\">Religi\u00e3o, religiosidade e espiritualidade<\/h2>\n\n\n\n<p>Por religi\u00e3o veio a entender-se a institui\u00e7\u00e3o, a autoridade, a comunidade, os dogmas, os ritos lit\u00fargicos, a \u00e9tica dos mandamentos, com as correspondentes atitudes de obedi\u00eancia, aceita\u00e7\u00e3o, participa\u00e7\u00e3o coletiva, comportamento moral e culpa.<\/p>\n\n\n\n<p>Por espiritualidade veio a entender-se o indiv\u00edduo, a criatividade, a experi\u00eancia pessoal principalmente afetiva, os grupos de livre escolha, as celebra\u00e7\u00f5es espont\u00e2neas e a inser\u00e7\u00e3o ecol\u00f3gica, com os sentimentos de liberdade, autenticidade, conex\u00e3o.<\/p>\n\n\n\n<p>Espiritualidade \u00e9 viver com esp\u00edrito e, portanto, \u00e9 uma dimens\u00e3o constitutiva do ser humano.<\/p>\n\n\n\n<h2 class=\"wp-block-heading\">A medicina integrativa<\/h2>\n\n\n\n<p>A medicina integrativa nasce como um modelo oposto ao modelo biom\u00e9dico. Enquanto este investe para desenvolver a dimens\u00e3o diagn\u00f3stica e aprofundar a explica\u00e7\u00e3o biol\u00f3gica, a medicina alternativa, como era denominada, volta-se para a dimens\u00e3o da terap\u00eautica, aprofundando-se nos problemas explicados pelas teorias do estilo de vida e ambiental.<\/p>\n\n\n\n<h2 class=\"wp-block-heading\">A medita\u00e7\u00e3o como medicina integrativa<\/h2>\n\n\n\n<p>A medita\u00e7\u00e3o, desvinculada do pacote religioso, mas igualmente praticada com conota\u00e7\u00e3o espiritual, pode atuar como recurso terap\u00eautico.<\/p>\n\n\n\n<p>Pesquisas apontam os efeitos psicof\u00edsicos da medita\u00e7\u00e3o, como redu\u00e7\u00e3o da frequ\u00eancia card\u00edaca, redu\u00e7\u00e3o do metabolismo, a\u00e7\u00e3o sobre o sistema nervoso aut\u00f4nomo, redu\u00e7\u00e3o dos n\u00edveis de cortisol, aldosterona e noradrenalina (subst\u00e2ncias ligadas ao estresse) e aumento dos n\u00edveis de outras subst\u00e2ncias, como a serotonina (horm\u00f4nio ligado ao bem-estar).<\/p>\n\n\n\n<p>Os efeitos ps\u00edquicos tamb\u00e9m se fazem presentes, tais como o relaxamento ps\u00edquico, a viv\u00eancia positiva, a sensa\u00e7\u00e3o de \u201cpaz interna\u201d, sensa\u00e7\u00e3o de felicidade, impress\u00e3o de harmonia com o mundo, menor tend\u00eancia \u00e0 perda do controle.<\/p>\n\n\n\n<p>As contribui\u00e7\u00f5es da medita\u00e7\u00e3o para diferentes problemas de sa\u00fade, apontando seu uso no tratamento da hipertens\u00e3o arterial e na depend\u00eancia de drogas il\u00edcitas. Resultados significativos da medita\u00e7\u00e3o em indiv\u00edduos com alto risco de problemas coronarianos, diminui\u00e7\u00e3o da ansiedade e da depress\u00e3o, redu\u00e7\u00e3o da dor cr\u00f4nica, flexibilidade cognitiva e mental em idosos, melhora nos sintomas f\u00edsicos, emocionais e na vida social.<\/p>\n\n\n\n<h2 class=\"wp-block-heading\">O Yoga e a medita\u00e7\u00e3o<\/h2>\n\n\n\n<p>A partir dessas informa\u00e7\u00f5es posso afirmar que a pr\u00e1tica do Yoga que inclui a medita\u00e7\u00e3o \u00e9 uma grande ferramenta nesse processo de medicina integrativa. Pude comprovar essa efic\u00e1cia tanto em mim mesmo, em familiares e assim como nos alunos os quais tive a oportunidade de ministrar pr\u00e1ticas, verificando v\u00e1rias dessas contribui\u00e7\u00f5es acima mencionadas.<\/p>\n\n\n\n<h2 class=\"wp-block-heading\">Medicina integrativa no Brasil<\/h2>\n\n\n\n<p>A medicina integrativa foi integrada ao SUS atrav\u00e9s da PORTARIA N\u00ba 849, DE 27 DE MAR\u00c7O DE 2017 do Minist\u00e9rio da Sa\u00fade.<\/p>\n\n\n\n<p>Pode ser baixada <a rel=\"noreferrer noopener\" href=\"https:\/\/fernandosalvio.com.br\/yoga\/wp-content\/uploads\/2020\/07\/Ministerio-da-Saude-PORTARIA-N-849-DE-27-DE-MAR\u00c7O-DE-2017.pdf\" target=\"_blank\">aqui<\/a> ou diretamente no <a rel=\"noreferrer noopener\" href=\"https:\/\/bvsms.saude.gov.br\/bvs\/saudelegis\/gm\/2017\/prt0849_28_03_2017.html\" target=\"_blank\">site do Minist\u00e9rio da Sa\u00fade<\/a><\/p>\n\n\n\n<h2 class=\"wp-block-heading\">Sugest\u00e3o de leitura complementar<\/h2>\n\n\n\n<figure class=\"wp-block-image size-large\"><a href=\"https:\/\/www.amazon.com.br\/Medicina-Medita%C3%A7%C3%A3o-Roberto-Cardoso\/dp\/8572550658\/ref=asc_df_8572550658\/?tag=googleshopp00-20&amp;linkCode=df0&amp;hvadid=379725600165&amp;hvpos=&amp;hvnetw=g&amp;hvrand=8863750920184577987&amp;hvpone=&amp;hvptwo=&amp;hvqmt=&amp;hvdev=c&amp;hvdvcmdl=&amp;hvlocint=1001566&amp;hvlocphy=1001773&amp;hvtargid=pla-424706890530&amp;psc=1\" target=\"_blank\" rel=\"noopener noreferrer\"><img decoding=\"async\" width=\"338\" height=\"499\" src=\"https:\/\/fernandosalvio.com.br\/yoga\/wp-content\/uploads\/2020\/07\/Medicina-e-Meditacao-Um-medico-ensina-a-meditar.jpg\" alt=\"\" class=\"wp-image-320\" srcset=\"https:\/\/fernandosalvio.com.br\/yoga\/wp-content\/uploads\/2020\/07\/Medicina-e-Meditacao-Um-medico-ensina-a-meditar.jpg 338w, https:\/\/fernandosalvio.com.br\/yoga\/wp-content\/uploads\/2020\/07\/Medicina-e-Meditacao-Um-medico-ensina-a-meditar-203x300.jpg 203w\" sizes=\"(max-width: 338px) 100vw, 338px\" \/><\/a><figcaption class=\"wp-element-caption\">Pode ser encontrado na <a href=\"https:\/\/www.amazon.com.br\/Medicina-Medita%C3%A7%C3%A3o-Roberto-Cardoso\/dp\/8572550658\/ref=asc_df_8572550658\/?tag=googleshopp00-20&amp;linkCode=df0&amp;hvadid=379725600165&amp;hvpos=&amp;hvnetw=g&amp;hvrand=8863750920184577987&amp;hvpone=&amp;hvptwo=&amp;hvqmt=&amp;hvdev=c&amp;hvdvcmdl=&amp;hvlocint=1001566&amp;hvlocphy=1001773&amp;hvtargid=pla-424706890530&amp;psc=1\" target=\"_blank\" rel=\"noreferrer noopener\">Amazon<\/a><\/figcaption><\/figure>\n\n\n\n<p>Espero que tenha gostado desse artigo e seja de utilidade para voc\u00ea.<\/p>\n\n\n\n<p>Comece a praticar!<\/p>\n\n\n\n<p>Fernando Salvio<\/p>\n","protected":false},"excerpt":{"rendered":"<p>O Yoga e a medicina integrativa Esse texto \u00e9 baseado nesse estudo: A ESPIRITUALIDADE E A MEDICINA INTEGRATIVA NO CONTEXTO DA SA\u00daDE INTEGRAL DO SER HUMANOde Fl\u00e1vio da Silva Chaves e Francisco de Assis Souza dos Santos Link para o texto completo aqui. Uma perspectiva hist\u00f3rica Na cultura da medicina chinesa, tibetana e ayurv\u00e9dica, a [&hellip;]<\/p>\n","protected":false},"author":1,"featured_media":322,"parent":0,"menu_order":0,"comment_status":"closed","ping_status":"closed","template":"","meta":{"_exactmetrics_skip_tracking":false,"_exactmetrics_sitenote_active":false,"_exactmetrics_sitenote_note":"","_exactmetrics_sitenote_category":0,"footnotes":""},"class_list":["post-317","page","type-page","status-publish","has-post-thumbnail","hentry"],"_links":{"self":[{"href":"https:\/\/fernandosalvio.com.br\/yoga\/wp-json\/wp\/v2\/pages\/317","targetHints":{"allow":["GET"]}}],"collection":[{"href":"https:\/\/fernandosalvio.com.br\/yoga\/wp-json\/wp\/v2\/pages"}],"about":[{"href":"https:\/\/fernandosalvio.com.br\/yoga\/wp-json\/wp\/v2\/types\/page"}],"author":[{"embeddable":true,"href":"https:\/\/fernandosalvio.com.br\/yoga\/wp-json\/wp\/v2\/users\/1"}],"replies":[{"embeddable":true,"href":"https:\/\/fernandosalvio.com.br\/yoga\/wp-json\/wp\/v2\/comments?post=317"}],"version-history":[{"count":8,"href":"https:\/\/fernandosalvio.com.br\/yoga\/wp-json\/wp\/v2\/pages\/317\/revisions"}],"predecessor-version":[{"id":454,"href":"https:\/\/fernandosalvio.com.br\/yoga\/wp-json\/wp\/v2\/pages\/317\/revisions\/454"}],"wp:featuredmedia":[{"embeddable":true,"href":"https:\/\/fernandosalvio.com.br\/yoga\/wp-json\/wp\/v2\/media\/322"}],"wp:attachment":[{"href":"https:\/\/fernandosalvio.com.br\/yoga\/wp-json\/wp\/v2\/media?parent=317"}],"curies":[{"name":"wp","href":"https:\/\/api.w.org\/{rel}","templated":true}]}}